et t(f) = -f**2 - 37*f + 1018. Let h be t(-52). Calculate the highest common factor of 406 and h.
14
Let q(v) = 19*v - 331. Let k be q(19). Calculate the greatest common divisor of 402 and k.
6
Let r = 241 - 239. Suppose -2*s - 36 = -f, 4*f - 4*s = -r*s + 120. Let l = 198 - 2. What is the highest common factor of l and f?
28
Suppose 41*a + 20 = 56*a - 55. Suppose 0*o = -o + 38. Let p = -18 + o. What is the highest common factor of a and p?
5
Let m be (-4)/(-14) - 152/(-7). Let q = m + -12. Let n = -12302 - -12382. What is the highest common factor of n and q?
10
Let u be (0 + -1)/(4/(-576)). Let s = 2145 - 2136. Calculate the greatest common factor of s and u.
9
Let d = 391 - 388. Let i = -86 + 137. What is the highest common factor of d and i?
3
Let d = 38117 + -37877. Calculate the highest common divisor of 204 and d.
12
Suppose -5*z + 315 = 3*j, -17*j + 15*j + 130 = 2*z. Let r = z + -44. What is the greatest common divisor of 112 and r?
16
Let a = -4989 - -7772. Calculate the highest common divisor of 363 and a.
121
Suppose 0 = -28*z + 36*z - 24. Suppose 0 = 4*t - 20, 3*t - 217 = -z*u + 1100. Calculate the greatest common divisor of 62 and u.
62
Let k = 104 + -101. Suppose 3*p - p = 5*w + 50, -k*w = -6. Calculate the highest common factor of 690 and p.
30
Let x be ((-126)/4)/(-7)*380. Calculate the highest common factor of x and 2470.
190
Let q be 1329/21 + (-6)/21. Suppose 29*u - 6*u = 4761. Let k = -180 + u. What is the greatest common divisor of k and q?
9
Suppose 0 = u - 5*m - 35, -4*u = -0*m + m - 56. Suppose 480 = -11*o + u*o. Suppose o = 22*i - 18*i. Calculate the greatest common divisor of i and 20.
10
Let u be (-2)/9 + (-326)/(-9). Let k = -1112 - -1657. Let l = k - 401. Calculate the greatest common divisor of u and l.
36
Suppose 71 - 14 = 3*s. Let p = -13561 + 13637. Calculate the greatest common divisor of p and s.
19
Let g = -75 - -33. Let h be (-1038)/g + 2/7. Suppose -p - h = -6*p. Calculate the greatest common divisor of 55 and p.
5
Let f = -468 + 472. Let y(x) = -46*x**2 + 9*x + 3. Let d be y(-7). Let t be d/(-10) + f/(-10). What is the highest common divisor of 33 and t?
33
Let o be 8/(-6)*(-186)/2. Let g = -100 + o. Let k = 24 + g. What is the greatest common divisor of k and 12?
12
Suppose -4*z = -16174 - 1382. Calculate the highest common factor of 57 and z.
57
Let b be ((-7)/3)/(11/(-33)). Suppose 668 = 7*g - 970. Let d = -164 + g. What is the greatest common divisor of b and d?
7
Let n(f) = -226*f + 824. Let c be n(2). Calculate the greatest common divisor of 10695 and c.
93
Suppose -1450 = -14*k + 2050 + 700. What is the greatest common divisor of 1620 and k?
60
Let f(a) = 4*a**3 - a**2 + 165*a - 468. Let g be f(3). What is the greatest common factor of 574 and g?
14
Let l(c) = 3*c**2 - 16*c + 9. Let u = 29 + 1. Let k = u - 24. Let i be l(k). Calculate the greatest common factor of i and 7.
7
Let l be 173 + -166 - 1*-173. What is the highest common factor of 240 and l?
60
Let t be (108/7 + -4)/(26/91). Let n(l) = l + 14. Let v be n(-9). What is the greatest common factor of t and v?
5
Let l(w) = 72*w**2 - 85*w - 8. Let r be l(3). Suppose 0 = 4*g - 7*g + 165. What is the highest common factor of g and r?
55
Suppose 5*w = -p - 407, w - 10*p + 73 = -6*p. Let g = 97 + w. Let m = -119 - -175. Calculate the greatest common factor of g and m.
8
Let u be 26/208*-344*-6. Calculate the greatest common factor of u and 33798.
258
Let c(q) = -q**2 - 11*q + 3. Let y be c(-11). Let f be (-5)/35 + ((-9468)/(-42))/y. What is the greatest common factor of 375 and f?
75
Let o(c) = 401*c + 1834. Let n be o(18). What is the greatest common divisor of 31 and n?
31
Let b(u) = 16*u**2 + 11*u + 10. Let l be b(-8). Suppose -16*z = -5*z - l. What is the greatest common factor of z and 215?
43
Suppose 3*c - 26 - 1432 = 0. Suppose 0 = 3*a - i - c, 0*a - 5*i = -a + 162. Suppose 30*d - 1332 = -44*d. Calculate the highest common factor of d and a.
18
Suppose 3*y = -z + 1478 - 134, 0 = -2*z. What is the highest common factor of 56 and y?
56
Suppose -215*g = -61*g + 928 - 2160. What is the greatest common factor of g and 4832?
8
Let w(n) = n**3 - 5*n**2 + 6*n. Let t = 39 - 36. Let a be w(t). Suppose a = 9*g - 13*g + 120. Calculate the greatest common divisor of g and 12.
6
Let y = 271 - 181. Let p = y - 49. Let s = 3 - -38. What is the greatest common factor of p and s?
41
Suppose -3*g + 3*n = 20 + 16, 69 = -5*g - 4*n. Let i be (0 - 3) + 3 - (g + 0). Let u = -101 - -244. Calculate the greatest common divisor of u and i.
13
Let g be (1 + (-2)/3)*(28 - 31). Let i be g/(-7 + (-444)/(-64)). Calculate the highest common factor of 272 and i.
16
Let q(i) = i**2 + 207*i + 9681. Let s be q(-136). Let u be 14/3 - (-2)/6. What is the greatest common factor of s and u?
5
Let l be 89 - 4/(8/6). Let z = -40 + l. Let c = 1066 + -882. Calculate the greatest common factor of c and z.
46
Suppose 0 = 20*a - 29*a + 414. Let f(b) = -2*b**2 - 2*b + 230. Let q be f(0). Calculate the greatest common divisor of a and q.
46
Suppose 9*h - 420 - 9777 = 0. Calculate the highest common divisor of h and 11.
11
Let o(n) = 0*n - 7 - 2 + n - 8*n. Let q = -25 + 20. Let c be o(q). Calculate the greatest common factor of c and 13.
13
Let q be (-1 + 7)*1376/96. Let i = -70 + q. Let n = -117 - -245. What is the highest common factor of i and n?
16
Suppose -4*b + 4*b - 279 = -9*b. Calculate the greatest common divisor of b and 9.
1
Suppose -8 = 5*c - 28, 0 = 3*r - 4*c - 29474. What is the greatest common factor of r and 20?
10
Let o be -15 + -1 + 0 + 11 + -5. Let t be (-15)/o*(1 - -7). What is the greatest common factor of t and 162?
6
Suppose -123*v + 7476692 + 1362580 = 0. Calculate the greatest common divisor of v and 26.
26
Let s be 6/(-21) + 6/21. Let x = s - -3. Let h be (x - ((-92)/8 + -3))*4. Calculate the highest common divisor of h and 105.
35
Let s be 1*(4 + -4 + 7). Let l = 41 + s. What is the highest common factor of l and 8?
8
Let p(y) = y + 1454. Let f be p(-170). Calculate the greatest common divisor of f and 12.
12
Let u be ((-1 - 3) + 5)/(2/10). Suppose 4*v - u*a = 992, a = -a. What is the highest common factor of 8 and v?
8
Let f = 145445 - 145283. Let n(c) = 21*c**3. Let d be n(3). Calculate the greatest common factor of d and f.
81
Let l(c) = 80*c - 1807. Let z be l(43). What is the highest common factor of 639 and z?
71
Let i be -3 - (-17 - 12) - 13. What is the greatest common divisor of i and 1261?
13
Let k(r) = -2*r + 26. Let b be k(-20). Let q = b - 45. Let w = 96 - -72. What is the greatest common divisor of w and q?
21
Let t = -105 + 735. What is the highest common factor of 90 and t?
90
Suppose -8*x - 7264 = -45*x + 4687. What is the greatest common factor of x and 152?
19
Let x = -16733 + 16921. What is the highest common divisor of 5452 and x?
188
Suppose -51*z - 21 = -58*z. Suppose -15 + 339 = -z*d. Let l = 177 + d. Calculate the highest common divisor of 46 and l.
23
Let j = 5073 + -4958. Calculate the highest common divisor of 253 and j.
23
Let v be (-4 - (-108)/26) + (-4)/26. Let k be (v + 1)*(-67)/(-1). Let a = -37 + k. Calculate the greatest common divisor of a and 12.
6
Let q(v) = 102*v + 4111. Let p be q(-30). What is the greatest common divisor of p and 3?
1
Let u be (-44 + 401)*(-2)/(-6). Suppose -39 - 12 = -k. Calculate the greatest common factor of u and k.
17
Let i be (-2)/11 - (-808)/88. Suppose 18*p = 22*p + 3*y - 11, -y - i = -5*p. Calculate the greatest common factor of 20 and p.
2
Suppose 24*h = 6*h + 72. Let z = 40 + -5. Suppose b = -4*u + 149, b + z - 4 = u. What is the highest common divisor of h and u?
4
Let w be (-196)/((-70)/(-10))*((-35)/7 - -3). Suppose 1428 = -g + 4*g. Calculate the greatest common factor of g and w.
28
Suppose 10*v - 268 = 542. Suppose 0 = -2*p - 3*u + 600, u = 3*p - 0*u - 889. Calculate the greatest common factor of p and v.
27
Suppose y - 44 - 21 = 3*u, -y + 50 = 2*u. Let b = -134 + 204. What is the highest common factor of b and y?
14
Suppose -27 = 2*x - 31. Suppose 0 = 2*w + x*h - 208 - 254, -4*w + 3*h = -924. Calculate the greatest common divisor of 33 and w.
33
Suppose 0 = -2*p - 29 - 553. Let b = p + 331. Calculate the highest common divisor of 110 and b.
10
Let h(x) = -x**3 + 24*x**2 - 19*x - 12. Let q